{"id":1586,"date":"2019-02-07T12:10:26","date_gmt":"2019-02-07T11:10:26","guid":{"rendered":"http:\/\/www.cheyennecarronparfums.com\/?post_type=product&#038;p=1586"},"modified":"2026-03-24T17:54:42","modified_gmt":"2026-03-24T16:54:42","slug":"beaute-enracinee","status":"publish","type":"product","link":"https:\/\/cheyennecarronparfums.com\/de\/products\/beaute-enracinee\/","title":{"rendered":"VERWURZELTE SCH\u00d6NHEIT"},"content":{"rendered":"<p class=\"p1\"><b>Produktdetails<\/b><\/p>\n<p class=\"p2\"><b>BEAUT\u00c9 ENRACIN\u00c9E \u2013 Eau de parfum \u2013 100 ml<\/b><b><\/b><\/p>\n<p class=\"p2\">Une fragrance douce et profonde, o\u00f9 les notes florales et musqu\u00e9es rencontrent un fond v\u00e9g\u00e9tal et bois\u00e9. Un parfum inspir\u00e9 par l\u2019ancrage, la pr\u00e9sence et l\u2019\u00e9quilibre int\u00e9rieur.<\/p>\n<p data-start=\"30\" data-end=\"151\">","protected":false},"excerpt":{"rendered":"<div class=\"flex flex-col text-sm pb-25\">\n<article class=\"text-token-text-primary w-full focus:outline-none [--shadow-height:45px] has-data-writing-block:pointer-events-none has-data-writing-block:-mt-(--shadow-height) has-data-writing-block:pt-(--shadow-height) [&amp;:has([data-writing-block])&gt;*]:pointer-events-auto scroll-mt-[calc(var(--header-height)+min(200px,max(70px,20svh)))]\" dir=\"auto\" tabindex=\"-1\" data-turn-id=\"request-69459bbf-fb74-832e-9c60-dcf51bc7557d-22\" data-testid=\"conversation-turn-709\" data-scroll-anchor=\"true\" data-turn=\"assistant\">\n<div class=\"text-base my-auto mx-auto pb-10 [--thread-content-margin:--spacing(4)] @w-sm\/main:[--thread-content-margin:--spacing(6)] @w-lg\/main:[--thread-content-margin:--spacing(16)] px-(--thread-content-margin)\">\n<div class=\"[--thread-content-max-width:40rem] @w-lg\/main:[--thread-content-max-width:48rem] mx-auto max-w-(--thread-content-max-width) flex-1 group\/turn-messages focus-visible:outline-hidden relative flex w-full min-w-0 flex-col agent-turn\" tabindex=\"-1\">\n<div class=\"flex max-w-full flex-col grow\">\n<div class=\"min-h-8 text-message relative flex w-full flex-col items-end gap-2 text-start break-words whitespace-normal [.text-message+&amp;]:mt-1\" dir=\"auto\" data-message-author-role=\"assistant\" data-message-id=\"76a14fa5-3772-4875-9caa-ec1512c06eef\" data-message-model-slug=\"gpt-5-2\">\n<div class=\"flex w-full flex-col gap-1 empty:hidden first:pt-[1px]\">\n<div class=\"markdown prose dark:prose-invert w-full break-words light markdown-new-styling\">\n<p class=\"p1\"><b>BEAUT\u00c9 ENRACIN\u00c9E \u2013 Eau de parfum \u2013 100 ml<\/b><b><\/b><\/p>\n<p class=\"p1\">Ce parfum est une eau de parfum douce et bois\u00e9e, m\u00ealant notes florales, musqu\u00e9es et accords v\u00e9g\u00e9taux. Une fragrance \u00e9quilibr\u00e9e et apaisante, id\u00e9ale pour une utilisation quotidienne.<\/p>\n<p class=\"p1\">Beaut\u00e9 Enracin\u00e9e est un parfum de pr\u00e9sence et de profondeur. Une fragrance pour les femmes qui avancent reli\u00e9es \u00e0 leur essence, trouvant dans leurs racines la source de leur force et de leur beaut\u00e9.<\/p>\n<p class=\"p1\">Un parfum qui invite \u00e0 ralentir, \u00e0 ressentir, \u00e0 habiter pleinement le monde et soi-m\u00eame.<\/p>\n<p class=\"p1\"><b>Caract\u00e9ristiques :<\/b><b><\/b><\/p>\n<ul class=\"ul1\">\n<li class=\"li4\"><em>Type : Eau de parfum<\/em><\/li>\n<li class=\"li4\"><em>Contenance : 100 ml<\/em><\/li>\n<li class=\"li4\"><em>Genre : F\u00e9minin<\/em><\/li>\n<li class=\"li4\"><em>Fabrication : France<\/em><\/li>\n<li class=\"li4\"><em>Application : Spray<\/em><\/li>\n<\/ul>\n<p class=\"p1\"><b>Notes de t\u00eate :<\/b><br \/>\nMusc, frangipanier, notes violettes<\/p>\n<p class=\"p1\"><b>Notes de c\u0153ur :<\/b><br \/>\nIris, h\u00e9dione, note santal<\/p>\n<p class=\"p1\"><b>Notes de fond :<\/b><br \/>\nNotes bois\u00e9es, notes vertes<\/p>\n<p data-start=\"30\" data-end=\"248\">\n<\/div>\n<\/div>\n<\/div>\n<\/div>\n<\/div>\n<\/div>\n<\/article>\n<\/div>\n","protected":false},"featured_media":4849,"comment_status":"open","ping_status":"closed","template":"","meta":{"_acf_changed":false,"_et_pb_use_builder":"","_et_pb_old_content":"","_et_gb_content_width":""},"product_brand":[],"product_cat":[18,58],"product_tag":[],"class_list":{"0":"post-1586","1":"product","2":"type-product","3":"status-publish","4":"has-post-thumbnail","6":"product_cat-femme","7":"product_cat-parfums","9":"first","10":"instock","11":"taxable","12":"shipping-taxable","13":"purchasable","14":"product-type-simple"},"acf":[],"jetpack_sharing_enabled":true,"_links":{"self":[{"href":"https:\/\/cheyennecarronparfums.com\/de\/wp-json\/wp\/v2\/product\/1586","targetHints":{"allow":["GET"]}}],"collection":[{"href":"https:\/\/cheyennecarronparfums.com\/de\/wp-json\/wp\/v2\/product"}],"about":[{"href":"https:\/\/cheyennecarronparfums.com\/de\/wp-json\/wp\/v2\/types\/product"}],"replies":[{"embeddable":true,"href":"https:\/\/cheyennecarronparfums.com\/de\/wp-json\/wp\/v2\/comments?post=1586"}],"wp:featuredmedia":[{"embeddable":true,"href":"https:\/\/cheyennecarronparfums.com\/de\/wp-json\/wp\/v2\/media\/4849"}],"wp:attachment":[{"href":"https:\/\/cheyennecarronparfums.com\/de\/wp-json\/wp\/v2\/media?parent=1586"}],"wp:term":[{"taxonomy":"product_brand","embeddable":true,"href":"https:\/\/cheyennecarronparfums.com\/de\/wp-json\/wp\/v2\/product_brand?post=1586"},{"taxonomy":"product_cat","embeddable":true,"href":"https:\/\/cheyennecarronparfums.com\/de\/wp-json\/wp\/v2\/product_cat?post=1586"},{"taxonomy":"product_tag","embeddable":true,"href":"https:\/\/cheyennecarronparfums.com\/de\/wp-json\/wp\/v2\/product_tag?post=1586"}],"curies":[{"name":"wp","href":"https:\/\/api.w.org\/{rel}","templated":true}]}}

VERWURZELTE SCHÖNHEIT

<p class="p1"><b>Produktdetails</b></p>
<p class="p2"><b>BEAUTÉ ENRACINÉE – Eau de parfum – 100 ml</b><b></b></p>
<p class="p2">Une fragrance douce et profonde, où les notes florales et musquées rencontrent un fond végétal et boisé. Un parfum inspiré par l’ancrage, la présence et l’équilibre intérieur.</p>
<p data-start="30" data-end="151">

<div class="flex flex-col text-sm pb-25">
<article class="text-token-text-primary w-full focus:outline-none [--shadow-height:45px] has-data-writing-block:pointer-events-none has-data-writing-block:-mt-(--shadow-height) has-data-writing-block:pt-(--shadow-height) [&amp;:has([data-writing-block])&gt;*]:pointer-events-auto scroll-mt-[calc(var(--header-height)+min(200px,max(70px,20svh)))]" dir="auto" tabindex="-1" data-turn-id="request-69459bbf-fb74-832e-9c60-dcf51bc7557d-22" data-testid="conversation-turn-709" data-scroll-anchor="true" data-turn="assistant">
<div class="text-base my-auto mx-auto pb-10 [--thread-content-margin:--spacing(4)] @w-sm/main:[--thread-content-margin:--spacing(6)] @w-lg/main:[--thread-content-margin:--spacing(16)] px-(--thread-content-margin)">
<div class="[--thread-content-max-width:40rem] @w-lg/main:[--thread-content-max-width:48rem] mx-auto max-w-(--thread-content-max-width) flex-1 group/turn-messages focus-visible:outline-hidden relative flex w-full min-w-0 flex-col agent-turn" tabindex="-1">
<div class="flex max-w-full flex-col grow">
<div class="min-h-8 text-message relative flex w-full flex-col items-end gap-2 text-start break-words whitespace-normal [.text-message+&amp;]:mt-1" dir="auto" data-message-author-role="assistant" data-message-id="76a14fa5-3772-4875-9caa-ec1512c06eef" data-message-model-slug="gpt-5-2">
<div class="flex w-full flex-col gap-1 empty:hidden first:pt-[1px]">
<div class="markdown prose dark:prose-invert w-full break-words light markdown-new-styling">
<p class="p1"><b>BEAUTÉ ENRACINÉE – Eau de parfum – 100 ml</b><b></b></p>
<p class="p1">Ce parfum est une eau de parfum douce et boisée, mêlant notes florales, musquées et accords végétaux. Une fragrance équilibrée et apaisante, idéale pour une utilisation quotidienne.</p>
<p class="p1">Beauté Enracinée est un parfum de présence et de profondeur. Une fragrance pour les femmes qui avancent reliées à leur essence, trouvant dans leurs racines la source de leur force et de leur beauté.</p>
<p class="p1">Un parfum qui invite à ralentir, à ressentir, à habiter pleinement le monde et soi-même.</p>
<p class="p1"><b>Caractéristiques :</b><b></b></p>
<ul class="ul1">
<li class="li4"><em>Type : Eau de parfum</em></li>
<li class="li4"><em>Contenance : 100 ml</em></li>
<li class="li4"><em>Genre : Féminin</em></li>
<li class="li4"><em>Fabrication : France</em></li>
<li class="li4"><em>Application : Spray</em></li>
</ul>
<p class="p1"><b>Notes de tête :</b><br />
Musc, frangipanier, notes violettes</p>
<p class="p1"><b>Notes de cœur :</b><br />
Iris, hédione, note santal</p>
<p class="p1"><b>Notes de fond :</b><br />
Notes boisées, notes vertes</p>
<p data-start="30" data-end="248">
</div>
</div>
</div>
</div>
</div>
</div>
</article>
</div>
