{"id":2397,"date":"2020-08-19T20:00:11","date_gmt":"2020-08-19T18:00:11","guid":{"rendered":"https:\/\/www.cheyennecarronparfums.com\/?post_type=product&#038;p=2397"},"modified":"2026-01-11T22:36:58","modified_gmt":"2026-01-11T21:36:58","slug":"saint-michel","status":"publish","type":"product","link":"https:\/\/cheyennecarronparfums.com\/en\/products\/saint-michel\/","title":{"rendered":"BOUGIE SAINT-MICHEL"},"content":{"rendered":"<p data-start=\"30\" data-end=\"172\">La bougie Saint-Michel est un hommage \u00e0 la L\u00e9gion \u00c9trang\u00e8re, et plus particuli\u00e8rement au Parachutiste du 2\u00e8me REP, voici son histoire : Saint Michel signifiant \u00ab Qui est comme Dieu \u00bb est un des 7 archanges majeurs. Chef de la milice c\u00e9leste des anges du Bien, il est principalement repr\u00e9sent\u00e9 au moment de la fin des temps en chevalier ail\u00e9 qui terrasse le Diable durant la guerre des anges. Il est \u00e9galement le saint patron du catholicisme, de la France, de l\u2019Allemagne et de la Belgique. Un pourcentage des ventes de cette bougie est revers\u00e9 \u00e0 l\u2019institution de la L\u00e9gion \u00c9trang\u00e8re.<\/p>\n<p data-start=\"30\" data-end=\"172\">Parfum : Vanille \u2013 miel \u2013 orange<\/p>\n<p data-start=\"30\" data-end=\"172\">Ingr\u00e9dients : Cire de soja, cire d\u2019abeilles blanche, beurre de coco, parfums.<\/p>\n<p data-start=\"30\" data-end=\"172\">Sans CMR, sans phtalate<\/p>\n<p data-start=\"30\" data-end=\"172\">Dur\u00e9e : 45h Fait en France<\/p>","protected":false},"excerpt":{"rendered":"<p data-start=\"30\" data-end=\"172\">La bougie Saint-Michel est un hommage \u00e0 la L\u00e9gion \u00c9trang\u00e8re, et plus particuli\u00e8rement au Parachutiste du 2\u00e8me REP, voici son histoire : Saint Michel signifiant \u00ab Qui est comme Dieu \u00bb est un des 7 archanges majeurs.<\/p>\n<p data-start=\"30\" data-end=\"172\">Chef de la milice c\u00e9leste des anges du Bien, il est principalement repr\u00e9sent\u00e9 au moment de la fin des temps en chevalier ail\u00e9 qui terrasse le Diable durant la guerre des anges. Il est \u00e9galement le saint patron du catholicisme, de la France, de l\u2019Allemagne et de la Belgique.<\/p>","protected":false},"featured_media":2398,"comment_status":"open","ping_status":"closed","template":"","meta":{"_acf_changed":false,"_et_pb_use_builder":"","_et_pb_old_content":"","_et_gb_content_width":""},"product_brand":[],"product_cat":[53,69],"product_tag":[],"class_list":{"0":"post-2397","1":"product","2":"type-product","3":"status-publish","4":"has-post-thumbnail","6":"product_cat-bougies","7":"product_cat-legion","9":"first","10":"instock","11":"taxable","12":"shipping-taxable","13":"purchasable","14":"product-type-simple"},"acf":[],"jetpack_sharing_enabled":true,"_links":{"self":[{"href":"https:\/\/cheyennecarronparfums.com\/en\/wp-json\/wp\/v2\/product\/2397","targetHints":{"allow":["GET"]}}],"collection":[{"href":"https:\/\/cheyennecarronparfums.com\/en\/wp-json\/wp\/v2\/product"}],"about":[{"href":"https:\/\/cheyennecarronparfums.com\/en\/wp-json\/wp\/v2\/types\/product"}],"replies":[{"embeddable":true,"href":"https:\/\/cheyennecarronparfums.com\/en\/wp-json\/wp\/v2\/comments?post=2397"}],"wp:featuredmedia":[{"embeddable":true,"href":"https:\/\/cheyennecarronparfums.com\/en\/wp-json\/wp\/v2\/media\/2398"}],"wp:attachment":[{"href":"https:\/\/cheyennecarronparfums.com\/en\/wp-json\/wp\/v2\/media?parent=2397"}],"wp:term":[{"taxonomy":"product_brand","embeddable":true,"href":"https:\/\/cheyennecarronparfums.com\/en\/wp-json\/wp\/v2\/product_brand?post=2397"},{"taxonomy":"product_cat","embeddable":true,"href":"https:\/\/cheyennecarronparfums.com\/en\/wp-json\/wp\/v2\/product_cat?post=2397"},{"taxonomy":"product_tag","embeddable":true,"href":"https:\/\/cheyennecarronparfums.com\/en\/wp-json\/wp\/v2\/product_tag?post=2397"}],"curies":[{"name":"wp","href":"https:\/\/api.w.org\/{rel}","templated":true}]}}

<p data-start="30" data-end="172">La bougie Saint-Michel est un hommage à la Légion Étrangère, et plus particulièrement au Parachutiste du 2ème REP, voici son histoire : Saint Michel signifiant « Qui est comme Dieu » est un des 7 archanges majeurs. Chef de la milice céleste des anges du Bien, il est principalement représenté au moment de la fin des temps en chevalier ailé qui terrasse le Diable durant la guerre des anges. Il est également le saint patron du catholicisme, de la France, de l’Allemagne et de la Belgique. Un pourcentage des ventes de cette bougie est reversé à l’institution de la Légion Étrangère.</p>
<p data-start="30" data-end="172">Parfum : Vanille – miel – orange</p>
<p data-start="30" data-end="172">Ingrédients : Cire de soja, cire d’abeilles blanche, beurre de coco, parfums.</p>
<p data-start="30" data-end="172">Sans CMR, sans phtalate</p>
<p data-start="30" data-end="172">Durée : 45h Fait en France</p>

<p data-start="30" data-end="172">La bougie Saint-Michel est un hommage à la Légion Étrangère, et plus particulièrement au Parachutiste du 2ème REP, voici son histoire : Saint Michel signifiant « Qui est comme Dieu » est un des 7 archanges majeurs.</p>
<p data-start="30" data-end="172">Chef de la milice céleste des anges du Bien, il est principalement représenté au moment de la fin des temps en chevalier ailé qui terrasse le Diable durant la guerre des anges. Il est également le saint patron du catholicisme, de la France, de l’Allemagne et de la Belgique.</p>
